1656 + 1266?
41433255
In base 11, what is 163a7789 + -3?
163a7786
In base 11, what is 3865807 + 6?
3865812
In base 4, what is -23320 + 11001322?
10312002
In base 10, what is 2488 + -31134?
-28646
In base 9, what is -70362 - 744?
-71216
In base 7, what is 26066 - 133?
25633
In base 5, what is 0 + -4131223?
-4131223
In base 3, what is 22021100120221222 + -10?
22021100120221212
In base 10, what is 5205770 - 0?
5205770
In base 14, what is 10 + -27dc?
-27cc
In base 6, what is -4 - 12202101?
-12202105
In base 3, what is 12211011221022220 + 11?
12211011221100001
In base 3, what is 2011110011 - 222?
2011102012
In base 14, what is ba4 - 0?
ba4
In base 14, what is -5d91 - 11a5?
-7156
In base 4, what is 10200 + 133303320?
133320120
In base 11, what is 63833 + -2a4?
6353a
In base 13, what is 24 - -8189a32?
8189a56
In base 7, what is -36051434011 + -1?
-36051434012
In base 6, what is 20135 - 3452003?
-3431424
In base 3, what is 112 + -211212121022?
-211212120210
In base 14, what is 11d90584a - -5?
11d905851
In base 10, what is 212600 - 0?
212600
In base 11, what is -16 - -1269723?
1269708
In base 5, what is -1334 + -11402004?
-11403343
In base 6, what is 3041 + -54003?
-50522
In base 5, what is 1110 + 4310212?
4311322
In base 9, what is -6 + -354281804?
-354281811
In base 10, what is 86 + -349345?
-349259
In base 16, what is 23872b - -44?
23876f
In base 7, what is -34062 + -423530?
-460622
In base 14, what is -47308 + b86?
-46562
In base 6, what is 15 + 5552523204?
5552523223
In base 15, what is -1ad8 - -96c?
-116b
In base 7, what is 104643 + -11003?
63640
In base 7, what is 3006616 - -5?
3006624
In base 3, what is -11 + -12011110211110?
-12011110211121
In base 8, what is -5 + 20211577?
20211572
In base 4, what is 2111 - -3231201030?
3231203201
In base 2, what is -100010010110010101 + 11110?
-100010010101110111
In base 3, what is 2110010211220121201 - -1?
2110010211220121202
In base 11, what is -418a - -8aa?
-3390
In base 7, what is 236561151 + -6?
236561142
In base 16, what is -5e628f + -3?
-5e6292
In base 6, what is -4242 + 1335005?
1330323
In base 5, what is 10 + -123013132024?
-123013132014
In base 9, what is -301 - -277612?
277311
In base 9, what is -32742633 - 3?
-32742636
In base 11, what is -1118a14 + 2?
-1118a12
In base 7, what is 164450603 - 5?
164450565
In base 2, what is 10111 + 1101101110111000001110000?
1101101110111000010000111
In base 14, what is -340d36c + 3?
-340d369
In base 7, what is 11 - -2225361156?
2225361200
In base 8, what is 1 - -346270205?
346270206
In base 8, what is 1 - 602240354?
-602240353
In base 14, what is -234034 + 33d?
-233ad5
In base 3, what is 2121210221210100 + 11?
2121210221210111
In base 14, what is 5 - c1d2a25?
-c1d2a20
In base 9, what is 3482214 - 2?
3482212
In base 15, what is 116 + 9381?
9497
In base 12, what is -324052b + 0?
-324052b
In base 7, what is 14 + -1040511?
-1040464
In base 4, what is -13323022122101 - 2?
-13323022122103
In base 9, what is -82 - -20570350?
20570257
In base 3, what is 100000 + 11012002?
11112002
In base 2, what is 101111110011010010 - -110101111?
101111111010000001
In base 5, what is 323101 - -142412?
1021013
In base 4, what is 132322101 - 133?
132321302
In base 15, what is 5 + 43b2022?
43b2027
In base 2, what is 110100110 + 1111110010000?
10000100110110
In base 3, what is 111111 + -20112110201?
-20111222020
In base 6, what is 2214 + 2414033?
2420251
In base 14, what is 153d - -7547?
8a86
In base 2, what is 10010000111001 + 111011111100110?
1001110000011111
In base 2, what is 101000001101111 - -1111001111110?
110111011101101
In base 12, what is -5 + a303995?
a303990
In base 13, what is 47 + 291?
308
In base 6, what is 5130245 - 133?
5130112
In base 5, what is -2 - 1040413041?
-1040413043
In base 12, what is 33 - -43913a?
439171
In base 8, what is -5 + 5732667?
5732662
In base 10, what is -77593 + 8739?
-68854
In base 10, what is 627 - 196030?
-195403
In base 14, what is 2 - -1b42c2?
1b42c4
In base 9, what is 1 - -6717868?
6717870
In base 13, what is 343899 + -3?
343896
In base 6, what is -5 + -434141335?
-434141344
In base 14, what is -ac1d4c + 2?
-ac1d4a
In base 8, what is 1 - -1263123034?
1263123035
In base 15, what is -653 - -9425?
8cc2
In base 11, what is -317 - 18a70?
-19287
In base 10, what is 292 + 13920?
14212
In base 12, what is 1b71361 - 2?
1b7135b
In base 5, what is -11001411243 - -4?
-11001411234
In base 9, what is -11277823 - 1?
-11277824
In base 11, what is 1067 + -3344?
-2288
In base 5, what is 232401 - -432021?
1214422
In base 3, what is -211211 + 210001102?
202012121
In base 15, what is 60c514 + 1?
60c515
In base 16, what is -5 - -117155?
117150
In base 16, what is 101de6b + 1?
101de6c
In base 15, what is 763b09e - 1?
763b09d
In base 8, what is -11514235 + -3?
-11514240
In base 11, what is 167694 - -a?
1676a3
In base 5, what is -1000332 - -1021?
-444311
In base 3, what is -2011 + 201200112211?
201200110200
In base 9, what is -153653 - 72?
-153735
In base 9, what is 134 - -68560?
68704
In base 9, what is -81436 + -1510?
-83046
In base 16, what is 5 - 16e79a9?
-16e79a4
In base 15, what is -7ee4a - -d4?
-7ed66
In base 8, what is 4 - 222157734?
-222157730
In base 14, what is a1 - a237?
-a176
In base 15, what is 7542914 + -3?
7542911
In base 10, what is 7221548 - -2?
7221550
In base 5, what is -142 - 3020431?
-3021123
In base 11, what is 33 - 2a8355?
-2a8322
In base 10, what is 5 - 6085064?
-6085059
In base 13, what is -3934cca - -5?
-3934cc5
In base 14, what is -44 - -298650?
29860a
In base 14, what is 315 - 2b060?
-2ab49
In base 7, what is -4 + -316663133?
-316663140
In base 2, what is -10011101100000110100 - -10110?
-10011101100000011110
In base 14, what is -27 + -c4a333?
-c4a35a
In base 4, what is -133121211013 - -22?
-133121210331
In base 4, what is -10111110 - -213?
-10110231
In base 10, what is -302 + -832702?
-833004
In base 5, what is -134031 + 1221?
-132310
In base 5, what is -214 - -1412133432?
1412133213
In base 12, what is -35 - -6556a2?
655669
In base 16, what is 2ae3d - -8?
2ae45
In base 2, what is -1000110010100011 - -11010010000111?
-101100000011100
In base 16, what is -2bf73 + -271?
-2c1e4
In base 9, what is -18101 - 1822?
-21023
In base 9, what is 24831 - -12416?
37347
In base 13, what is 2032998 + 17?
20329b2
In base 8, what is -326463727 + 0?
-326463727
In base 16, what is -33ab89 - 3?
-33ab8c
In base 10, what is -25591 - 90?
-25681
In base 6, what is 52 + 14150004?
14150100
In base 15, what is 4be84 - 16?
4be6d
In base 3, what is -10121102 + -202002102?
-212200211
In base 7, what is 5 + 1425231043?
1425231051
In base 6, what is -1034101042 + 21?
-1034101021
In base 11, what is -121573 + -790?
-122253
In base 8, what is 0 - 10424121?
-10424121
In base 6, what is 23425 - 1223?
22202
In base 16, what is -212c - -2cec?
bc0
In base 12, what is -72711 + -55?
-72766
In base 2, what is 1011111001010001011 - -1100100111?
1011111010110110010
In base 3, what is -2010001112102120021 + 12?
-2010001112102120002
In base 7, what is -6556 - -1222600?
1213011
In base 10, what is -332390 + 6?
-332384
In base 7, what is -1034044 - -3346?
-1030365
In base 9, what is 853 + -106637?
-105674
In base 11, what is 8264 + 17a05?
25169
In base 6, what is -4412 - 1411113?
-1415525
In base 11, what is 3 - -2972a999?
2972a9a1
In base 16, what is 2af - 1e6a?
-1bbb
In base 5, what is -3 + -1044212004?
-1044212012
In base 9, what is -76057 - -3?
-76054
In base 12, what is 28 + -479752?
-479726
In base 13, what is 3ab1 - -c0?
3ba1
In base 8, what is -2062472 - 4?
-2062476
In base 11, what is -1004 - 3325?
-4329
In base 4, what is -202113310233 + 12?
-202113310221
In base 6, what is -22 - 14034235?
-14034301
In base 4, what is -33 - -233013321?
233013222
In base 4, what is -213 + 2002233?
2002020
In base 13, what is -2 + -25a8a2?
-25a8a4
In base 12, what is 1490458 + -5?
1490453
In base 12, what is -4 + -157343b?
-1573443
In base 3, what is -12 + 210111200222012?
210111200222000
In base 14, what is 3cb1373 + 5?
3cb1378
In base 15, what is 17b5d - -64?
17bc2
In base 4, what is 222103 - -120130?
1002233
In base 14, what is -a1c0c + 161?
-a1a8b
In base 4, what is 23110322021 + -31?
23110321330
In base 11, what is -3 + -40858938?
-40858940
In base 16, what is 13 - 7026b?
-70258
In base 1